{"id":777,"date":"2024-06-12T15:43:11","date_gmt":"2024-06-12T13:43:11","guid":{"rendered":"https:\/\/cirquedelalune.fr\/?page_id=777"},"modified":"2025-05-28T09:30:38","modified_gmt":"2025-05-28T07:30:38","slug":"acrodanse-deplacements-au-sol","status":"publish","type":"page","link":"https:\/\/cirquedelalune.fr\/index.php\/acrodanse-deplacements-au-sol\/","title":{"rendered":"Acrodanse \/ D\u00e9placements au sol"},"content":{"rendered":"\n<p>avec Solan<\/p>\n\n\n\n<p>Salle du Cosec :<br>Les samedis<br>du 9 D\u00e9c 23 au 6 Avril 24<br>de 15h \u00e0 17h<br>10 S\u00e9ances<\/p>\n\n\n\n<p>Nous vous proposons de venir d\u00e9couvrir une nouvelle fa\u00e7on de bouger inspir\u00e9e d\u2019un m\u00e9lange d\u2019acrobatie, de floor work et de capoeira.&nbsp;Une recherche d\u2019esth\u00e9tique du mouvement acrobatique bas\u00e9e sur les appuis au sol et la fluidit\u00e9.<\/p>\n","protected":false},"excerpt":{"rendered":"<p>avec Solan Salle du Cosec :Les samedisdu 9 D\u00e9c 23 au 6 Avril 24de 15h \u00e0 17h10 S\u00e9ances Nous vous proposons de venir d\u00e9couvrir une nouvelle fa\u00e7on de bouger inspir\u00e9e d\u2019un m\u00e9lange d\u2019acrobatie, de floor work et de capoeira.&nbsp;Une recherche d\u2019esth\u00e9tique du mouvement acrobatique bas\u00e9e sur les appuis au sol et la fluidit\u00e9.<\/p>\n","protected":false},"author":1,"featured_media":0,"parent":0,"menu_order":0,"comment_status":"closed","ping_status":"closed","template":"","meta":{"footnotes":""},"class_list":["post-777","page","type-page","status-publish","hentry"],"_links":{"self":[{"href":"https:\/\/cirquedelalune.fr\/index.php\/wp-json\/wp\/v2\/pages\/777","targetHints":{"allow":["GET"]}}],"collection":[{"href":"https:\/\/cirquedelalune.fr\/index.php\/wp-json\/wp\/v2\/pages"}],"about":[{"href":"https:\/\/cirquedelalune.fr\/index.php\/wp-json\/wp\/v2\/types\/page"}],"author":[{"embeddable":true,"href":"https:\/\/cirquedelalune.fr\/index.php\/wp-json\/wp\/v2\/users\/1"}],"replies":[{"embeddable":true,"href":"https:\/\/cirquedelalune.fr\/index.php\/wp-json\/wp\/v2\/comments?post=777"}],"version-history":[{"count":3,"href":"https:\/\/cirquedelalune.fr\/index.php\/wp-json\/wp\/v2\/pages\/777\/revisions"}],"predecessor-version":[{"id":1064,"href":"https:\/\/cirquedelalune.fr\/index.php\/wp-json\/wp\/v2\/pages\/777\/revisions\/1064"}],"wp:attachment":[{"href":"https:\/\/cirquedelalune.fr\/index.php\/wp-json\/wp\/v2\/media?parent=777"}],"curies":[{"name":"wp","href":"https:\/\/api.w.org\/{rel}","templated":true}]}}