{"id":80,"date":"2022-08-21T13:33:39","date_gmt":"2022-08-21T11:33:39","guid":{"rendered":"https:\/\/cirquedelalunefr.wordpress.com\/?p=80"},"modified":"2025-12-19T09:42:53","modified_gmt":"2025-12-19T08:42:53","slug":"7-10-ans-initiation","status":"publish","type":"page","link":"https:\/\/cirquedelalune.fr\/index.php\/7-10-ans-initiation\/","title":{"rendered":"7\/10 ans"},"content":{"rendered":"\n<blockquote class=\"wp-block-quote is-layout-flow wp-block-quote-is-layout-flow\">\n<p>Enfant d&rsquo;\u00e2ge primaire<\/p>\n\n\n\n<p>Ci dessous, le formulaire de pr\u00e9 inscription. <\/p>\n\n\n\n<p>ATTENTION : un seul formulaire par personne. <\/p>\n\n\n\n<p>Par ce formulaire vous pouvez formuler vos v\u0153ux et vous inscrire aux cours \u00e0 l&rsquo;ann\u00e9e. <\/p>\n\n\n\n<p>Il n&rsquo;est pas un gage d&rsquo; inscription d\u00e9finitive. Les inscriptions sont \u00e0 valider aupr\u00e8s du bureau par email : cirquedelalune.gap@gmail.com<\/p>\n\n\n\n<p>Les r\u00e8glements se font apr\u00e8s validation soit via Hello Asso, soit par ch\u00e8ques ou esp\u00e8ces \u00e0 envoyer au local.<\/p>\n<\/blockquote>\n\n\n\n<div class=\"wp-block-buttons is-content-justification-center is-layout-flex wp-container-core-buttons-is-layout-16018d1d wp-block-buttons-is-layout-flex\">\n<div class=\"wp-block-button\"><a class=\"wp-block-button__link has-text-align-center wp-element-button\" href=\"https:\/\/docs.google.com\/forms\/d\/e\/1FAIpQLScLKyprrjWcvRzRxVTg10vq7yqIbQCYQ3QIV07kwlCx3wXQyA\/viewform?usp=header\">Pr\u00e9-inscription<\/a><\/div>\n<\/div>\n\n\n\n<hr class=\"wp-block-separator has-alpha-channel-opacity\"\/>\n\n\n\n<h2 class=\"wp-block-heading\"><strong>Les cours \u00e0 l\u2019ann\u00e9e <\/strong><\/h2>\n\n\n\n<p>Ils <strong>ont lieux de septembre \u00e0 juin (hors vacances scolaires)<\/strong>.<\/p>\n\n\n\n<p>Les cours durent 1h30 hebdomadaire et se d\u00e9roulent comme suit :<\/p>\n\n\n\n<ul class=\"wp-block-list\">\n<li>15 minutes d\u2019\u00e9chauffement \/ jeux corporels<\/li>\n\n\n\n<li>15\/20 minutes d&rsquo;acrobaties<\/li>\n\n\n\n<li>activit\u00e9 du jour parmi : les foulards, le tissu a\u00e9rien, la boule, les pyramides, le fil, les \u00e9chasses, le trampoline, le p\u00e9dalgo, le rola bola, les port\u00e9s, le trap\u00e8ze, le jonglage balle, etc\u2026<\/li>\n\n\n\n<li>ou bien un parcours leur permettant de travailler chaque agr\u00e8s avec plus d\u2019autonomie<\/li>\n\n\n\n<li>30 minutes pour travailler une discipline choisie<\/li>\n\n\n\n<li>un \u00e9tirement\/retour au calme de 5\/10 minutes.<\/li>\n<\/ul>\n\n\n\n<p>Une pr\u00e9sentation de fin d\u2019ann\u00e9e est propos\u00e9e aux \u00e9l\u00e8ves.<\/p>\n\n\n\n<hr class=\"wp-block-separator has-alpha-channel-opacity\"\/>\n\n\n\n<h2 class=\"wp-block-heading\"><strong>Les stages vacances <\/strong><\/h2>\n\n\n\n<p>Ils <strong>durent 4 jours (2h par jour) pendant les vacances scolaires et permettent de d\u00e9couvrir <\/strong> :<\/p>\n\n\n\n<ul class=\"wp-block-list\">\n<li>la jonglerie<\/li>\n\n\n\n<li>l&rsquo;acrobatie<\/li>\n\n\n\n<li>l&rsquo;a\u00e9rien<\/li>\n\n\n\n<li>l&rsquo;\u00e9quilibre sur objets<\/li>\n<\/ul>\n\n\n\n<h2 class=\"wp-block-heading has-text-align-center\">Stage vacances d&rsquo;automne 2025<\/h2>\n\n\n\n<p class=\"has-text-align-center\">Du lundi 27 au jeudi 30 octobre <strong>2025<\/strong><\/p>\n\n\n\n<p>Pour vous inscrire : <\/p>\n\n\n\n<ul class=\"wp-block-list\">\n<li>aller sur le formulaire de pr\u00e9-inscription, remplir les toutes les informations et cocher \u00a0\u00bb aucun\u00a0\u00bb sur le choix du cours. et des modules. <\/li>\n<\/ul>\n\n\n\n<ul class=\"wp-block-list\">\n<li>Noter en commentaire \u00a0\u00bb inscription au stage d\u00e9couverte\u00a0\u00bb<\/li>\n\n\n\n<li>ATTENTION : un formulaire par personnes. <\/li>\n<\/ul>\n\n\n\n<figure class=\"wp-block-image size-large is-resized\"><img loading=\"lazy\" decoding=\"async\" width=\"718\" height=\"1024\" src=\"https:\/\/cirquedelalune.fr\/wp-content\/uploads\/2025\/09\/550525830_1274120634511613_3935433678798635329_n-1-718x1024.jpg\" alt=\"\" class=\"wp-image-1125\" style=\"width:286px;height:auto\" srcset=\"https:\/\/cirquedelalune.fr\/wp-content\/uploads\/2025\/09\/550525830_1274120634511613_3935433678798635329_n-1-718x1024.jpg 718w, https:\/\/cirquedelalune.fr\/wp-content\/uploads\/2025\/09\/550525830_1274120634511613_3935433678798635329_n-1-210x300.jpg 210w, https:\/\/cirquedelalune.fr\/wp-content\/uploads\/2025\/09\/550525830_1274120634511613_3935433678798635329_n-1-768x1095.jpg 768w, https:\/\/cirquedelalune.fr\/wp-content\/uploads\/2025\/09\/550525830_1274120634511613_3935433678798635329_n-1.jpg 828w\" sizes=\"auto, (max-width: 718px) 100vw, 718px\" \/><\/figure>\n","protected":false},"excerpt":{"rendered":"<p>Enfant d&rsquo;\u00e2ge primaire Ci dessous, le formulaire de pr\u00e9 inscription. ATTENTION : un seul formulaire par personne. Par ce formulaire vous pouvez formuler vos v\u0153ux et vous inscrire aux cours \u00e0 l&rsquo;ann\u00e9e. Il n&rsquo;est pas un gage d&rsquo; inscription d\u00e9finitive. Les inscriptions sont \u00e0 valider aupr\u00e8s du bureau par email : cirquedelalune.gap@gmail.com Les r\u00e8glements se&hellip;<\/p>\n","protected":false},"author":1,"featured_media":0,"parent":0,"menu_order":0,"comment_status":"closed","ping_status":"open","template":"","meta":{"footnotes":""},"class_list":["post-80","page","type-page","status-publish","hentry"],"_links":{"self":[{"href":"https:\/\/cirquedelalune.fr\/index.php\/wp-json\/wp\/v2\/pages\/80","targetHints":{"allow":["GET"]}}],"collection":[{"href":"https:\/\/cirquedelalune.fr\/index.php\/wp-json\/wp\/v2\/pages"}],"about":[{"href":"https:\/\/cirquedelalune.fr\/index.php\/wp-json\/wp\/v2\/types\/page"}],"author":[{"embeddable":true,"href":"https:\/\/cirquedelalune.fr\/index.php\/wp-json\/wp\/v2\/users\/1"}],"replies":[{"embeddable":true,"href":"https:\/\/cirquedelalune.fr\/index.php\/wp-json\/wp\/v2\/comments?post=80"}],"version-history":[{"count":16,"href":"https:\/\/cirquedelalune.fr\/index.php\/wp-json\/wp\/v2\/pages\/80\/revisions"}],"predecessor-version":[{"id":1271,"href":"https:\/\/cirquedelalune.fr\/index.php\/wp-json\/wp\/v2\/pages\/80\/revisions\/1271"}],"wp:attachment":[{"href":"https:\/\/cirquedelalune.fr\/index.php\/wp-json\/wp\/v2\/media?parent=80"}],"curies":[{"name":"wp","href":"https:\/\/api.w.org\/{rel}","templated":true}]}}

<blockquote class="wp-block-quote is-layout-flow wp-block-quote-is-layout-flow">
<p>Enfant d&rsquo;âge primaire</p>



<p>Ci dessous, le formulaire de pré inscription. </p>



<p>ATTENTION : un seul formulaire par personne. </p>



<p>Par ce formulaire vous pouvez formuler vos vœux et vous inscrire aux cours à l&rsquo;année. </p>



<p>Il n&rsquo;est pas un gage d&rsquo; inscription définitive. Les inscriptions sont à valider auprès du bureau par email : cirquedelalune.gap@gmail.com</p>



<p>Les règlements se font après validation soit via Hello Asso, soit par chèques ou espèces à envoyer au local.</p>
</blockquote>



<div class="wp-block-buttons is-content-justification-center is-layout-flex wp-container-core-buttons-is-layout-16018d1d wp-block-buttons-is-layout-flex">
<div class="wp-block-button"><a class="wp-block-button__link has-text-align-center wp-element-button" href="https://docs.google.com/forms/d/e/1FAIpQLScLKyprrjWcvRzRxVTg10vq7yqIbQCYQ3QIV07kwlCx3wXQyA/viewform?usp=header">Pré-inscription</a></div>
</div>



<hr class="wp-block-separator has-alpha-channel-opacity"/>



<h2 class="wp-block-heading"><strong>Les cours à l’année </strong></h2>



<p>Ils <strong>ont lieux de septembre à juin (hors vacances scolaires)</strong>.</p>



<p>Les cours durent 1h30 hebdomadaire et se déroulent comme suit :</p>



<ul class="wp-block-list">
<li>15 minutes d’échauffement / jeux corporels</li>



<li>15/20 minutes d&rsquo;acrobaties</li>



<li>activité du jour parmi : les foulards, le tissu aérien, la boule, les pyramides, le fil, les échasses, le trampoline, le pédalgo, le rola bola, les portés, le trapèze, le jonglage balle, etc…</li>



<li>ou bien un parcours leur permettant de travailler chaque agrès avec plus d’autonomie</li>



<li>30 minutes pour travailler une discipline choisie</li>



<li>un étirement/retour au calme de 5/10 minutes.</li>
</ul>



<p>Une présentation de fin d’année est proposée aux élèves.</p>



<hr class="wp-block-separator has-alpha-channel-opacity"/>



<h2 class="wp-block-heading"><strong>Les stages vacances </strong></h2>



<p>Ils <strong>durent 4 jours (2h par jour) pendant les vacances scolaires et permettent de découvrir </strong> :</p>



<ul class="wp-block-list">
<li>la jonglerie</li>



<li>l&rsquo;acrobatie</li>



<li>l&rsquo;aérien</li>



<li>l&rsquo;équilibre sur objets</li>
</ul>



<h2 class="wp-block-heading has-text-align-center">Stage vacances d&rsquo;automne 2025</h2>



<p class="has-text-align-center">Du lundi 27 au jeudi 30 octobre <strong>2025</strong></p>



<p>Pour vous inscrire : </p>



<ul class="wp-block-list">
<li>aller sur le formulaire de pré-inscription, remplir les toutes les informations et cocher  » aucun » sur le choix du cours. et des modules. </li>
</ul>



<ul class="wp-block-list">
<li>Noter en commentaire  » inscription au stage découverte »</li>



<li>ATTENTION : un formulaire par personnes. </li>
</ul>



<figure class="wp-block-image size-large is-resized"><img loading="lazy" decoding="async" width="718" height="1024" src="https://cirquedelalune.fr/wp-content/uploads/2025/09/550525830_1274120634511613_3935433678798635329_n-1-718x1024.jpg" alt="" class="wp-image-1125" style="width:286px;height:auto" srcset="https://cirquedelalune.fr/wp-content/uploads/2025/09/550525830_1274120634511613_3935433678798635329_n-1-718x1024.jpg 718w, https://cirquedelalune.fr/wp-content/uploads/2025/09/550525830_1274120634511613_3935433678798635329_n-1-210x300.jpg 210w, https://cirquedelalune.fr/wp-content/uploads/2025/09/550525830_1274120634511613_3935433678798635329_n-1-768x1095.jpg 768w, https://cirquedelalune.fr/wp-content/uploads/2025/09/550525830_1274120634511613_3935433678798635329_n-1.jpg 828w" sizes="auto, (max-width: 718px) 100vw, 718px" /></figure>

<p>Enfant d&rsquo;âge primaire Ci dessous, le formulaire de pré inscription. ATTENTION : un seul formulaire par personne. Par ce formulaire vous pouvez formuler vos vœux et vous inscrire aux cours à l&rsquo;année. Il n&rsquo;est pas un gage d&rsquo; inscription définitive. Les inscriptions sont à valider auprès du bureau par email : cirquedelalune.gap@gmail.com Les règlements se&hellip;</p>
