{"id":84,"date":"2022-08-21T13:39:46","date_gmt":"2022-08-21T11:39:46","guid":{"rendered":"https:\/\/cirquedelalunefr.wordpress.com\/?p=84"},"modified":"2025-12-19T09:38:37","modified_gmt":"2025-12-19T08:38:37","slug":"ados-adultes-initiation-et-confirmes","status":"publish","type":"page","link":"https:\/\/cirquedelalune.fr\/index.php\/ados-adultes-initiation-et-confirmes\/","title":{"rendered":"Ados  ( Coll\u00e9giennes et coll\u00e9giens )"},"content":{"rendered":"\n<blockquote class=\"wp-block-quote is-layout-flow wp-block-quote-is-layout-flow\">\n<p>Ci dessous, le formulaire de pr\u00e9 inscription. <\/p>\n\n\n\n<p>Par ce formulaire vous pouvez formuler vos v\u0153ux et vous inscrire aux cours \u00e0 l&rsquo;ann\u00e9e, et ou, a un ou plusieurs modules, et ou, a un ou plusieurs stages.<\/p>\n\n\n\n<p>Il n&rsquo;est pas un gage d&rsquo; inscription d\u00e9finitive. Les inscriptions sont \u00e0 valider aupr\u00e8s du bureau par email : cirquedelalune.gap@gmail.com<\/p>\n\n\n\n<p>Les r\u00e8glements se font apr\u00e8s validation soit via Hello Asso, soit par ch\u00e8ques ou esp\u00e8ces \u00e0 envoyer au local.<\/p>\n<\/blockquote>\n\n\n\n<div class=\"wp-block-buttons is-content-justification-center is-layout-flex wp-container-core-buttons-is-layout-16018d1d wp-block-buttons-is-layout-flex\">\n<div class=\"wp-block-button\"><a class=\"wp-block-button__link has-text-align-center wp-element-button\" href=\"https:\/\/docs.google.com\/forms\/d\/e\/1FAIpQLScLKyprrjWcvRzRxVTg10vq7yqIbQCYQ3QIV07kwlCx3wXQyA\/viewform?usp=header\">Pr\u00e9-inscription<\/a><\/div>\n<\/div>\n\n\n\n<hr class=\"wp-block-separator has-alpha-channel-opacity\"\/>\n\n\n\n<h2 class=\"wp-block-heading\"><strong>Les cours \u00e0 l&rsquo;ann\u00e9e :<\/strong><\/h2>\n\n\n\n<p><strong>Les cours \u00e0 l&rsquo;ann\u00e9e ont lieu de septembre \u00e0 juin (hors vacances scolaires)<\/strong>.<\/p>\n\n\n\n<p>Ils durent 2h et se d\u00e9roulent comme suit :<\/p>\n\n\n\n<ul class=\"wp-block-list\">\n<li>15 minutes d\u2019\u00e9chauffement<\/li>\n\n\n\n<li>activit\u00e9 du jour parmi : l&rsquo;a\u00e9rien, l&rsquo;\u00e9quilibre sur mat\u00e9riel, les pyramides, le trampoline, les port\u00e9s, le jonglage balle, l&rsquo;acrobatie au sol, etc\u2026<\/li>\n\n\n\n<li>ou bien un travail autonome si on ne pr\u00e9f\u00e8re pas faire l\u2019activit\u00e9 en groupe<\/li>\n\n\n\n<li>travail d&rsquo;une activit\u00e9 choisie pour la s\u00e9ance<\/li>\n\n\n\n<li>un \u00e9tirement\/retour au calme de 5\/10 minutes<\/li>\n<\/ul>\n\n\n\n<p>Une pr\u00e9sentation de fin d\u2019ann\u00e9e est propos\u00e9e aux \u00e9l\u00e8ves.<\/p>\n\n\n\n<hr class=\"wp-block-separator has-alpha-channel-opacity\"\/>\n\n\n\n<h2 class=\"wp-block-heading\"><strong>Les modules :<\/strong><\/h2>\n\n\n\n<p>Il s&rsquo;agit de cours sur une seule discipline pour des adultes ou adolescent\u00b7es qui souhaitent progresser particuli\u00e8rement sur un agr\u00e8s.<\/p>\n\n\n\n<p>Ils sont r\u00e9parties en 10 s\u00e9ances de 2 h sur une p\u00e9riode dans l&rsquo;ann\u00e9e d\u00e9pendante de la disponibilit\u00e9 de la salle et des professeurs. <\/p>\n\n\n\n<div class=\"wp-block-buttons is-content-justification-center is-layout-flex wp-container-core-buttons-is-layout-16018d1d wp-block-buttons-is-layout-flex\">\n<div class=\"wp-block-button\"><a class=\"wp-block-button__link has-text-align-center wp-element-button\" href=\"https:\/\/cirquedelalune.fr\/index.php\/modules-au-trimestre\/\">Voir les modules<\/a><\/div>\n<\/div>\n\n\n\n<hr class=\"wp-block-separator has-alpha-channel-opacity\"\/>\n\n\n\n<h2 class=\"wp-block-heading\"><strong>Les stages mono-disciplinaires :<\/strong><\/h2>\n\n\n\n<p>Ils sont anim\u00e9s par un artiste et comportent parfois des pr\u00e9-requis.<\/p>\n\n\n\n<p>Ils sont programm\u00e9s sur les weekends. <\/p>\n\n\n\n<div class=\"wp-block-buttons is-content-justification-center is-layout-flex wp-container-core-buttons-is-layout-16018d1d wp-block-buttons-is-layout-flex\">\n<div class=\"wp-block-button\"><a class=\"wp-block-button__link has-text-align-center wp-element-button\" href=\"https:\/\/cirquedelalune.fr\/index.php\/stages\/\">Voir les stages<\/a><\/div>\n<\/div>\n\n\n\n<h2 class=\"wp-block-heading\">Voil\u00e0 un petit aper\u00e7u des cours ados \/adultes : <\/h2>\n\n\n\n<figure class=\"wp-block-video\"><video height=\"850\" style=\"aspect-ratio: 480 \/ 850;\" width=\"480\" controls src=\"https:\/\/cirquedelalune.fr\/wp-content\/uploads\/2025\/06\/AQNqWVeyM1vkViidzeLBKuUMycz6ntzYI2oh4zckYf-EtE3IslZawj2zuTzlQ3rLMO9gYue6hgwEbfinx-7P9W8g.mp4\"><\/video><\/figure>\n","protected":false},"excerpt":{"rendered":"<p>Ci dessous, le formulaire de pr\u00e9 inscription. Par ce formulaire vous pouvez formuler vos v\u0153ux et vous inscrire aux cours \u00e0 l&rsquo;ann\u00e9e, et ou, a un ou plusieurs modules, et ou, a un ou plusieurs stages. Il n&rsquo;est pas un gage d&rsquo; inscription d\u00e9finitive. Les inscriptions sont \u00e0 valider aupr\u00e8s du bureau par email :&hellip;<\/p>\n","protected":false},"author":1,"featured_media":0,"parent":0,"menu_order":0,"comment_status":"closed","ping_status":"open","template":"","meta":{"footnotes":""},"class_list":["post-84","page","type-page","status-publish","hentry"],"_links":{"self":[{"href":"https:\/\/cirquedelalune.fr\/index.php\/wp-json\/wp\/v2\/pages\/84","targetHints":{"allow":["GET"]}}],"collection":[{"href":"https:\/\/cirquedelalune.fr\/index.php\/wp-json\/wp\/v2\/pages"}],"about":[{"href":"https:\/\/cirquedelalune.fr\/index.php\/wp-json\/wp\/v2\/types\/page"}],"author":[{"embeddable":true,"href":"https:\/\/cirquedelalune.fr\/index.php\/wp-json\/wp\/v2\/users\/1"}],"replies":[{"embeddable":true,"href":"https:\/\/cirquedelalune.fr\/index.php\/wp-json\/wp\/v2\/comments?post=84"}],"version-history":[{"count":12,"href":"https:\/\/cirquedelalune.fr\/index.php\/wp-json\/wp\/v2\/pages\/84\/revisions"}],"predecessor-version":[{"id":1269,"href":"https:\/\/cirquedelalune.fr\/index.php\/wp-json\/wp\/v2\/pages\/84\/revisions\/1269"}],"wp:attachment":[{"href":"https:\/\/cirquedelalune.fr\/index.php\/wp-json\/wp\/v2\/media?parent=84"}],"curies":[{"name":"wp","href":"https:\/\/api.w.org\/{rel}","templated":true}]}}